5*g. What are the prime factors of -1*(g/(-12) - 19/(-114))?
151
Let a(m) = -6*m**2 + 8*m - 21. Let s(t) = -13*t**2 + 15*t - 42. Let f(g) = 9*a(g) - 4*s(g). Let h be f(7). What are the prime factors of -5*28/h + 54*1?
2, 29
Let n(k) = k**3 - 32*k**2 - 37*k + 40. Let d(a) = a**3 - 31*a**2 - 39*a + 40. Let p(l) = 4*d(l) - 3*n(l). List the prime factors of p(30).
2, 5, 7
Suppose 251 = p + 5*k, p + 4*k - 236 - 16 = 0. What are the prime factors of p - (0 - (5 - 2) - -7)?
2, 3, 7
Let z = 318 - 674. Let m be (-4)/2 - (z - -3). Let l = 520 - m. What are the prime factors of l?
13
Suppose -d - 10 = -v, -3*d - 18 = 2*v - 3*v. Let w(y) = -10 - 8 - 4*y**2 + y**3 + 14*y + v. List the prime factors of w(5).
83
Let a = 27695 - 12573. List the prime factors of a.
2, 7561
Suppose -119*k + 350552 = -61*k. List the prime factors of k.
2, 1511
Suppose -1296 = -8*r + 14*r. What are the prime factors of r/36 + (224 - 1)?
7, 31
Suppose -1248 = 16*q - 12688. Let x = 1111 - q. List the prime factors of x.
2, 3, 11
Let b = -4352 - -26668. List the prime factors of b.
2, 7, 797
Let j be 2 + -5 - (-9)/1. Suppose 2*d - j*d = 5*u - 25, u = 2*d - 9. List the prime factors of ((-14)/(-6))/((u/54)/1).
2, 3, 7
Suppose -22*p = -15162 + 312. Let i = p + -207. What are the prime factors of i?
2, 3, 13
Let w(g) = -289 + 116 + 149 + 42*g. What are the prime factors of w(13)?
2, 3, 29
Suppose 3 = -l, 3*m - 27*l + 23*l = 73419. List the prime factors of m.
24469
Suppose 764*s - 768*s = -3*n + 104147, 0 = 3*n - 3*s - 104139. List the prime factors of n.
5, 11, 631
What are the prime factors of 0 - (3 + -2) - (-414228)/12?
2, 3, 11, 523
Let y be (-147)/12 + 1/4. Let k(o) = 0*o**2 + 5*o**2 + o**3 - 22 + 3*o**2 - 4*o + 4*o**2 - 8*o. List the prime factors of k(y).
2, 61
List the prime factors of 7/((-14)/(-3674)) - (0 + (-3)/3).
2, 919
Let l be 246 - (9 - 42/7). Suppose 0 = l*b - 242*b - 1227. What are the prime factors of b?
3, 409
Let r = 7317 - 2985. What are the prime factors of r?
2, 3, 19
What are the prime factors of 33830 + (-8)/24*18?
2, 7, 151
List the prime factors of ((-12763)/(-6) - 2/3)*(-2814 + 2826).
2, 3, 4253
Suppose s - 2119 = -17335. List the prime factors of 5/((-180)/s) + (-2)/3.
2, 211
Suppose 919*h - 39507 = 906*h. List the prime factors of h.
3, 1013
Let b(f) = 162*f**3 + 254*f - 1009. What are the prime factors of b(4)?
5, 83
What are the prime factors of -163 + 174 - 82666*(-3)/6?
2, 17, 19
Let h be -35*1/((-20)/(-16)). Let l = -10 - h. List the prime factors of (-264)/l*(4 + -19).
2, 5, 11
Suppose 10*v + 82 - 2 = 0. Let q be 0 + -2 + v/12*-9. Suppose z + 2*y - y - 50 = 0, q*z - 236 = 5*y. What are the prime factors of z?
2, 3
Let f = 5 - 1. What are the prime factors of ((-2)/f)/((-7)/2674)?
191
Suppose -14*r = -4*a - 12*r + 57168, -2*a = -3*r - 28572. What are the prime factors of a?
3, 5, 953
Let y(d) = -27*d - 33. Let m be y(-11). Suppose 0 = 7*r - 3*r - m. Suppose -v - u + 32 + r = 0, -290 = -3*v - u. What are the prime factors of v?
2, 3
Suppose -4*i - 78 = -10*i. Suppose -2*p - i = v, 4*v + 5 = -v. List the prime factors of ((-18)/5)/(4/(160/p)).
2, 3
Suppose 404 = x - 317. Let c = x + -322. What are the prime factors of c?
3, 7, 19
Let q(k) be the first derivative of 2*k**3/3 + k**2 + 164*k - 9. What are the prime factors of q(0)?
2, 41
Suppose 7 = 7*m - 14. Suppose 9 - m = 3*r. List the prime factors of (r/(4/(-7)))/((-20)/480).
2, 3, 7
What are the prime factors of 16737 - (-7 + (10 - (6 - 6)))?
2, 3, 2789
Let a(n) = 572*n**2 - 445*n + 2710. List the prime factors of a(6).
2, 2579
Suppose 0 = 7*z + 2445 + 13067. Let u = z + 3862. What are the prime factors of u?
2, 823
Let y = 9229 + 12865. List the prime factors of y.
2, 11047
What are the prime factors of ((-84)/(-35))/(6/8*(-44)/(-246070))?
2, 2237
Let p be 20/(-90) + ((-2352)/27)/4. Let x(v) = v**2 + 13 - 8*v + 14*v + 11*v. List the prime factors of x(p).
3, 41
Suppose 3*g = 8*g - 700. Suppose 58 = 24*h - 195 + 85. Let v = g + h. What are the prime factors of v?
3, 7
Let s = 31643 + -20365. What are the prime factors of s?
2, 5639
Let n = 25352 - 4754. What are the prime factors of n?
2, 3, 3433
Let c(l) = -569*l - 591. What are the prime factors of c(-2)?
547
Suppose 11*q = -2*q - 104. Let r(k) = 13*k**2 + 18*k + 68. What are the prime factors of r(q)?
2, 3, 7
Suppose 9932710 = -302*k + 481*k. What are the prime factors of k?
2, 5, 31, 179
Suppose x - 9362 = -5*d, -53*x = -52*x + d - 9342. What are the prime factors of x?
9337
Suppose -2*a - 3*m = 120, 51 + 16 = -a - 5*m. Let f = -93 - -174. Let b = a + f. List the prime factors of b.
2, 3
Let t(w) = -w**3 + w**2 + 2*w. Let q(d) = d**3 - 22*d**2 - 41*d + 19. Let n(o) = q(o) + 2*t(o). List the prime factors of n(-18).
37
Let a be (-1329)/(-21) + 4/(-14). Suppose p + 3*f = 40 - 109, 5*p + 281 = f. Let l = a + p. List the prime factors of l.
2, 3
Suppose -4*h + 10*a = 7*a - 17052, -4*h = -4*a - 17056. List the prime factors of h.
2, 3, 5, 71
Let x = 45 + -40. Suppose -18 = -x*q - 8. What are the prime factors of -2 + 5 + (q - (1 + -105))?
109
Let z = 16784 - -8973. What are the prime factors of z?
43, 599
Suppose -51*w + 257329 = -23681. List the prime factors of w.
2, 5, 19, 29
Suppose 0 = 8*k - 4*k - 24. Suppose -1292 = -5*y - 2*u, 4*y - k*y = -5*u - 511. What are the prime factors of y?
2, 3, 43
Let y(u) be the second derivative of 29*u**3 + 25*u**2 + 4*u. What are the prime factors of y(5)?
2, 5, 23
Let d(l) = -2*l**2 + 7*l + 9. Let o be d(-6). Let q = o - -160. Suppose -q = 3*p - 4*p + 3*z, -2*z - 200 = -3*p. List the prime factors of p.
2, 5, 7
Let f(a) = a**3 + 73*a**2 - 172*a - 6303. What are the prime factors of f(-68)?
28513
Suppose 4 = -3*r + 3*k + 10, k = -4*r + 3. Let v be 10 + 9/(0 + -3). List the prime factors of (5*r)/(v/133).
5, 19
List the prime factors of 60*((-2981)/(-22) + -12).
2, 3, 5, 13, 19
Let f = -2213 + 1051. What are the prime factors of ((-30)/(-1))/(-10) - f?
19, 61
Let k be (-4 - 3514/21) + (-6)/9. List the prime factors of (4 - k/(-44)) + 2793/11.
2, 127
Suppose 155085 = 93*s - 507547 - 298430. What are the prime factors of s?
2, 5167
Let v(d) = -4*d + 158. Let y be v(39). Suppose 12*c + y*c = 7112. List the prime factors of c.
2, 127
Suppose -82329 - 104161 = -16*c + 56054. List the prime factors of c.
3, 31, 163
Let y be 77 + ((-4)/6)/((-5)/15). Let i = 6 + y. What are the prime factors of i?
5, 17
Let f = 374 - 80. Suppose 3*k = 2*k + f. Suppose 0*x - 3*x = -k. What are the prime factors of x?
2, 7
Let k = 7298 - -4941. Suppose 0 = 16*y - k - 3089. What are the prime factors of y?
2, 479
Suppose -5*k - 17891 = -2*v - 66648, -k + 9733 = -5*v. What are the prime factors of k?
3, 3251
Let x(u) = -u**2 - 12*u + 11. Let z be x(-12). Suppose z*j = -5*j + 400. Suppose 5*y - 155 = -5*f, -4*f + 123 = -4*y - j. What are the prime factors of f?
2, 17
Suppose -836*j = -841*j - 5. What are the prime factors of ((-8)/(-6))/(j/3) - -318?
2, 157
Let m(b) = -b**3 + 13*b**2 + 12*b - 3. Let l be m(15). Let g = l - -622. What are the prime factors of g?
349
Let z be 40*(-14)/(-17 + 129). Let b(m) = -7*m - 13. Let w(t) = -6*t - 14. Let d(c) = 5*b(c) - 4*w(c). List the prime factors of d(z).
2, 23
Let n be (-2 + 4)/4*(-3 + 1). Let t be n + 4/((-16)/4). What are the prime factors of (t/(-4))/(11/1562)?
71
List the prime factors of (-15 + 0)/((35/2330)/(-7)).
2, 3, 5, 233
Suppose 3*a - j - 18 = 0, 5*a - 3*j - 28 = -2*j. Suppose 4*d - 4*n = -4, -2*d + a = 3*n - 8. List the prime factors of ((-36)/10)/(3/d)*-65.
2, 3, 13
Suppose -4 = -2*c, -7*y + 6*y + 8075 = 2*c. What are the prime factors of y?
7, 1153
Suppose 2*g = -o + 345, 1027 = 3*o - 0*o + 2*g. Let b(c) = 117*c**2 + 249*c + 501. Let v be b(-2). Suppose -7*w + v = -o. List the prime factors of w.
2, 29
Let x(y) = -y**3 - 47*y**2 + 139*y + 1093. List the prime factors of x(-56).
61, 353
Let p be 2*2/(-4)*-1. Let r be 14 - 0/(-2 + p). Suppose 510 = -r*y + 19*y. List the prime factors of y.
2, 3, 17
Let y(f) = 38*f + 112. Let k be (-11 - -14)/(6/38). What are the prime factors of y(k)?
2, 3, 139
Suppose 4*i + 8*j - 3*j = -120, 150 = -5*i - 2*j. Let l = 33 + i. Suppose -3*n = -4*c + l*c - 301, 2*n = 4*c + 214. What are the prime factors of n?
3, 11
Suppose -5014*f = -5061*f + 17308